{"id":3381,"date":"2021-08-19T12:16:08","date_gmt":"2021-08-19T12:16:08","guid":{"rendered":"http:\/\/mateja-online.pl\/sklep\/?post_type=product&#038;p=3381"},"modified":"2021-08-19T12:17:13","modified_gmt":"2021-08-19T12:17:13","slug":"klej-elastyczny-den-braven-mamut-glue-bialy-290-ml","status":"publish","type":"product","link":"https:\/\/mateja-online.pl\/sklep\/produkt\/klej-elastyczny-den-braven-mamut-glue-bialy-290-ml\/","title":{"rendered":"Klej elastyczny Den Braven Mamut Glue bia\u0142y 290 ml"},"content":{"rendered":"<h4>Skleja:<\/h4>\n<ul>\n<li>Metal<\/li>\n<li>kamie\u0144<\/li>\n<li>korek<\/li>\n<li>drewno<\/li>\n<li>klinkier<\/li>\n<li>pcw<\/li>\n<li>glazura<\/li>\n<li>beton<\/li>\n<li>lustro<\/li>\n<li>szk\u0142o<\/li>\n<li>osb<\/li>\n<li>ceramika<\/li>\n<\/ul>\n<p>&nbsp;<\/p>\n<p>Uniwersalny, wodoodpornby, super silny klej nowej generacji o natychmiastowej przyczepno\u015bci i trwa\u0142ej elastyczno\u015bci. Do u\u017cycia wewn\u0105trz i na zewn\u0105trz. Nie zawiera wody i rozpuszczalnik\u00f3w. Ca\u0142kowicie bezpieczny i 100% skuteczny.<\/p>\n","protected":false},"excerpt":{"rendered":"<p>Skleja: Metal kamie\u0144 korek drewno klinkier pcw glazura beton lustro szk\u0142o osb ceramika &nbsp; Uniwersalny, wodoodpornby, super silny klej nowej generacji o natychmiastowej przyczepno\u015bci i trwa\u0142ej elastyczno\u015bci. Do u\u017cycia wewn\u0105trz i na zewn\u0105trz. Nie zawiera wody i rozpuszczalnik\u00f3w. Ca\u0142kowicie bezpieczny i 100% skuteczny.<\/p>\n","protected":false},"featured_media":3382,"template":"","meta":[],"product_brand":[],"product_cat":[70],"product_tag":[],"class_list":{"0":"post-3381","1":"product","2":"type-product","3":"status-publish","4":"has-post-thumbnail","6":"product_cat-kleje-montazowe","7":"align-left","8":"box-shadow-0","9":"box-shadow-0-hover","10":"ast-product-gallery-layout-horizontal","11":"ast-product-tabs-layout-horizontal","13":"first","14":"instock","15":"shipping-taxable","16":"product-type-simple"},"_links":{"self":[{"href":"https:\/\/mateja-online.pl\/sklep\/wp-json\/wp\/v2\/product\/3381","targetHints":{"allow":["GET"]}}],"collection":[{"href":"https:\/\/mateja-online.pl\/sklep\/wp-json\/wp\/v2\/product"}],"about":[{"href":"https:\/\/mateja-online.pl\/sklep\/wp-json\/wp\/v2\/types\/product"}],"version-history":[{"count":1,"href":"https:\/\/mateja-online.pl\/sklep\/wp-json\/wp\/v2\/product\/3381\/revisions"}],"predecessor-version":[{"id":3383,"href":"https:\/\/mateja-online.pl\/sklep\/wp-json\/wp\/v2\/product\/3381\/revisions\/3383"}],"wp:featuredmedia":[{"embeddable":true,"href":"https:\/\/mateja-online.pl\/sklep\/wp-json\/wp\/v2\/media\/3382"}],"wp:attachment":[{"href":"https:\/\/mateja-online.pl\/sklep\/wp-json\/wp\/v2\/media?parent=3381"}],"wp:term":[{"taxonomy":"product_brand","embeddable":true,"href":"https:\/\/mateja-online.pl\/sklep\/wp-json\/wp\/v2\/product_brand?post=3381"},{"taxonomy":"product_cat","embeddable":true,"href":"https:\/\/mateja-online.pl\/sklep\/wp-json\/wp\/v2\/product_cat?post=3381"},{"taxonomy":"product_tag","embeddable":true,"href":"https:\/\/mateja-online.pl\/sklep\/wp-json\/wp\/v2\/product_tag?post=3381"}],"curies":[{"name":"wp","href":"https:\/\/api.w.org\/{rel}","templated":true}]}}