{"id":3163,"date":"2021-08-19T09:50:15","date_gmt":"2021-08-19T09:50:15","guid":{"rendered":"http:\/\/mateja-online.pl\/sklep\/?post_type=product&#038;p=3163"},"modified":"2021-08-19T09:50:15","modified_gmt":"2021-08-19T09:50:15","slug":"maskownice-kolpakowe-na-srube","status":"publish","type":"product","link":"https:\/\/mateja-online.pl\/sklep\/produkt\/maskownice-kolpakowe-na-srube\/","title":{"rendered":"Maskownice ko\u0142pakowe na \u015brub\u0119"},"content":{"rendered":"<p><strong>WYST\u0118PUJ\u0104 W ROZMIARACH :<\/strong><\/p>\n<p>M &#8211;\u00a0 6, 8, 10, 12, 14, 16, 18, 20<\/p>\n<p>Dost\u0119pne w kolorze czarnym RAL 9005, popielatym RAL 7001 oraz bia\u0142ym RAL 9016.<\/p>\n<p>Maskownice wyknane s\u0105 z wysokiej jako\u015bci tworzywa (Polietylen LDPE) odpornego na warunki atmosferyczne, prpmieniowanie UV, mrozoodporne.<\/p>\n","protected":false},"excerpt":{"rendered":"<p>WYST\u0118PUJ\u0104 W ROZMIARACH : M &#8211;\u00a0 6, 8, 10, 12, 14, 16, 18, 20 Dost\u0119pne w kolorze czarnym RAL 9005, popielatym RAL 7001 oraz bia\u0142ym RAL 9016. Maskownice wyknane s\u0105 z wysokiej jako\u015bci tworzywa (Polietylen LDPE) odpornego na warunki atmosferyczne, prpmieniowanie UV, mrozoodporne.<\/p>\n","protected":false},"featured_media":3164,"template":"","meta":[],"product_brand":[],"product_cat":[53],"product_tag":[],"class_list":{"0":"post-3163","1":"product","2":"type-product","3":"status-publish","4":"has-post-thumbnail","6":"product_cat-inne","7":"align-left","8":"box-shadow-0","9":"box-shadow-0-hover","10":"ast-product-gallery-layout-horizontal","11":"ast-product-gallery-with-no-image","12":"ast-product-tabs-layout-horizontal","14":"first","15":"instock","16":"shipping-taxable","17":"product-type-simple"},"_links":{"self":[{"href":"https:\/\/mateja-online.pl\/sklep\/wp-json\/wp\/v2\/product\/3163","targetHints":{"allow":["GET"]}}],"collection":[{"href":"https:\/\/mateja-online.pl\/sklep\/wp-json\/wp\/v2\/product"}],"about":[{"href":"https:\/\/mateja-online.pl\/sklep\/wp-json\/wp\/v2\/types\/product"}],"version-history":[{"count":1,"href":"https:\/\/mateja-online.pl\/sklep\/wp-json\/wp\/v2\/product\/3163\/revisions"}],"predecessor-version":[{"id":3165,"href":"https:\/\/mateja-online.pl\/sklep\/wp-json\/wp\/v2\/product\/3163\/revisions\/3165"}],"wp:featuredmedia":[{"embeddable":true,"href":"https:\/\/mateja-online.pl\/sklep\/wp-json\/wp\/v2\/media\/3164"}],"wp:attachment":[{"href":"https:\/\/mateja-online.pl\/sklep\/wp-json\/wp\/v2\/media?parent=3163"}],"wp:term":[{"taxonomy":"product_brand","embeddable":true,"href":"https:\/\/mateja-online.pl\/sklep\/wp-json\/wp\/v2\/product_brand?post=3163"},{"taxonomy":"product_cat","embeddable":true,"href":"https:\/\/mateja-online.pl\/sklep\/wp-json\/wp\/v2\/product_cat?post=3163"},{"taxonomy":"product_tag","embeddable":true,"href":"https:\/\/mateja-online.pl\/sklep\/wp-json\/wp\/v2\/product_tag?post=3163"}],"curies":[{"name":"wp","href":"https:\/\/api.w.org\/{rel}","templated":true}]}}